{"id":125,"date":"2015-11-30T14:24:02","date_gmt":"2015-11-30T14:24:02","guid":{"rendered":"http:\/\/gudhj.bgshops.dk\/?page_id=125"},"modified":"2026-01-01T12:05:49","modified_gmt":"2026-01-01T12:05:49","slug":"kontakt-os-2","status":"publish","type":"page","link":"https:\/\/gudhjemcamping.dk\/?page_id=125","title":{"rendered":"Kontakt os"},"content":{"rendered":"<p>Gudhjem Camping Bornholm har \u00e5ben fra:<\/p>\n<p><strong>1. marts til 31. oktober<\/strong><\/p>\n<p style=\"text-align: left;\">Vi kan kontaktes hele \u00e5ret p\u00e5 mail eller telefon<code><\/code><\/p>\n<p style=\"text-align: left;\">Gudhjem Camping Bornholm<\/p>\n<p style=\"text-align: left;\">Adresse: Melsted Langgade 45. 3760 Gudhjem.<\/p>\n<p style=\"text-align: left;\">Telefon: +45 42 415 815<\/p>\n<p style=\"text-align: left;\">mail@gudhjemcamping.dk<\/p>\n<p style=\"text-align: left;\">GPS:\u00a0 55\u00b012&#8217;25.6&#8243;N &#8211; 14\u00b058&#8217;38.1&#8243;E<\/p>\n<p><strong>Butikken holder \u00e5bent:<\/strong><\/p>\n<p>Kl 7 &#8211; 18<\/p>\n<p><strong>Receptionen holder \u00e5bent:<\/strong><\/p>\n<p>Kl 7 &#8211; 21 ved indtjekning)<\/p>\n<p><a href=\"https:\/\/i0.wp.com\/gudhjemcamping.dk\/wp-content\/uploads\/2021\/11\/gudhjem-camping-53.jpg?ssl=1\" rel=\"attachment wp-att-231\"><img loading=\"lazy\" decoding=\"async\" data-attachment-id=\"2286\" data-permalink=\"https:\/\/gudhjemcamping.dk\/?attachment_id=2286\" data-orig-file=\"https:\/\/i0.wp.com\/gudhjemcamping.dk\/wp-content\/uploads\/2021\/11\/gudhjem-camping-53.jpg?fit=1050%2C864&amp;ssl=1\" data-orig-size=\"1050,864\" data-comments-opened=\"1\" data-image-meta=\"{&quot;aperture&quot;:&quot;0&quot;,&quot;credit&quot;:&quot;&quot;,&quot;camera&quot;:&quot;&quot;,&quot;caption&quot;:&quot;&quot;,&quot;created_timestamp&quot;:&quot;0&quot;,&quot;copyright&quot;:&quot;&quot;,&quot;focal_length&quot;:&quot;0&quot;,&quot;iso&quot;:&quot;0&quot;,&quot;shutter_speed&quot;:&quot;0&quot;,&quot;title&quot;:&quot;&quot;,&quot;orientation&quot;:&quot;0&quot;}\" data-image-title=\"gudhjem camping 53\" data-image-description=\"\" data-image-caption=\"\" data-medium-file=\"https:\/\/i0.wp.com\/gudhjemcamping.dk\/wp-content\/uploads\/2021\/11\/gudhjem-camping-53.jpg?fit=300%2C247&amp;ssl=1\" data-large-file=\"https:\/\/i0.wp.com\/gudhjemcamping.dk\/wp-content\/uploads\/2021\/11\/gudhjem-camping-53.jpg?fit=1024%2C843&amp;ssl=1\" tabindex=\"0\" role=\"button\" class=\"alignnone wp-image-2286 size-medium\" title=\"Gudhjem camping \" src=\"https:\/\/i0.wp.com\/gudhjemcamping.dk\/wp-content\/uploads\/2021\/11\/gudhjem-camping-53.jpg?resize=300%2C247&#038;ssl=1\" alt=\"\" width=\"300\" height=\"247\" srcset=\"https:\/\/i0.wp.com\/gudhjemcamping.dk\/wp-content\/uploads\/2021\/11\/gudhjem-camping-53.jpg?resize=300%2C247&amp;ssl=1 300w, https:\/\/i0.wp.com\/gudhjemcamping.dk\/wp-content\/uploads\/2021\/11\/gudhjem-camping-53.jpg?resize=768%2C632&amp;ssl=1 768w, https:\/\/i0.wp.com\/gudhjemcamping.dk\/wp-content\/uploads\/2021\/11\/gudhjem-camping-53.jpg?resize=1024%2C843&amp;ssl=1 1024w, https:\/\/i0.wp.com\/gudhjemcamping.dk\/wp-content\/uploads\/2021\/11\/gudhjem-camping-53.jpg?resize=730%2C601&amp;ssl=1 730w, https:\/\/i0.wp.com\/gudhjemcamping.dk\/wp-content\/uploads\/2021\/11\/gudhjem-camping-53.jpg?w=1050&amp;ssl=1 1050w\" sizes=\"(max-width: 300px) 100vw, 300px\" data-recalc-dims=\"1\" \/><\/a><\/p>\n<p><span style=\"color: #000000;\"><div class=\"supsystic-table-loader spinner\"style=\"background-color:#000000\"><\/div><div id=\"supsystic-table-7_87425\" class=\"supsystic-tables-wrap \" style=\" width:100%; visibility: hidden; \" data-table-width-fixed=\"100%\" data-table-width-mobile=\"100%\" ><table id=\"supsystic-table-7\" class=\"supsystic-table border lightboxImg cell-border\" data-id=\"7\" data-view-id=\"7_87425\" data-title=\"Gudhjem Camping&amp;#039;s \u00e5bningstider\" data-currency-format=\"$1,000.00\" data-percent-format=\"10.00%\" data-date-format=\"DD.MM.YYYY\" data-time-format=\"HH:mm\" data-features=\"[&quot;after_table_loaded_script&quot;]\" data-search-value=\"\" data-lightbox-img=\"\" data-head-rows-count=\"1\" data-pagination-length=\"50,100,All\" data-auto-index=\"off\" data-searching-settings=\"{&quot;columnSearchPosition&quot;:&quot;bottom&quot;,&quot;minChars&quot;:&quot;0&quot;}\" data-lang=\"default\" data-override=\"{&quot;emptyTable&quot;:&quot;&quot;,&quot;info&quot;:&quot;&quot;,&quot;infoEmpty&quot;:&quot;&quot;,&quot;infoFiltered&quot;:&quot;&quot;,&quot;lengthMenu&quot;:&quot;&quot;,&quot;search&quot;:&quot;&quot;,&quot;previous&quot;:&quot;&quot;,&quot;next&quot;:&quot;&quot;,&quot;zeroRecords&quot;:&quot;&quot;,&quot;exportLabel&quot;:&quot;&quot;,&quot;file&quot;:&quot;default&quot;}\" data-merged=\"[]\" data-responsive-mode=\"0\" data-from-history=\"0\" ><thead><tr><th class=\"\" style=\"width:; padding: 0 !important;\"><\/th><th class=\"\" style=\"width:; padding: 0 !important;\"><\/th><th class=\"\" style=\"width:; padding: 0 !important;\"><\/th><th class=\"\" style=\"width:; padding: 0 !important;\"><\/th><\/tr><\/thead><tbody><tr style=\"height:px\" ><td data-cell-id=\"A1\" data-x=\"0\" data-y=\"1\" data-db-index=\"1\" class=\"bold color-000000\" data-cell-type=\"text\" data-original-value=\"\u00c5bningstider: \" data-order=\"\u00c5bningstider: \" style=\"min-width:25%; \" >\u00c5bningstider: <\/td><td data-cell-id=\"B1\" data-x=\"1\" data-y=\"1\" data-db-index=\"1\" class=\"bold color-000000\" data-cell-type=\"text\" data-original-value=\"S\u00e6son 1\/3 - 30\/6 \" data-order=\"S\u00e6son 1\/3 - 30\/6 \" style=\"min-width:25%; \" >S\u00e6son 1\/3 - 30\/6 <\/td><td data-cell-id=\"C1\" data-x=\"2\" data-y=\"1\" data-db-index=\"1\" class=\"color-000000 bg-0bde00 bold\" data-cell-type=\"text\" data-original-value=\"S\u00e6son 1\/7 - 31\/7 \" data-order=\"S\u00e6son 1\/7 - 31\/7 \" style=\"min-width:25%; \" >S\u00e6son 1\/7 - 31\/7 <\/td><td data-cell-id=\"D1\" data-x=\"3\" data-y=\"1\" data-db-index=\"1\" class=\"bold color-000000\" data-cell-type=\"text\" data-original-value=\"S\u00e6son 1\/8 - 31\/10\" data-order=\"S\u00e6son 1\/8 - 31\/10\" style=\"min-width:25%; \" >S\u00e6son 1\/8 - 31\/10 <\/td><\/tr><tr style=\"height:px\" ><td data-cell-id=\"A2\" data-x=\"0\" data-y=\"2\" data-db-index=\"2\" class=\"bold color-000000\" data-cell-type=\"text\" data-original-value=\"Butik\" data-order=\"Butik\" >Butik <\/td><td data-cell-id=\"B2\" data-x=\"1\" data-y=\"2\" data-db-index=\"2\" class=\"bold color-000000\" data-cell-type=\"text\" data-original-value=\"7 - 18\" data-order=\"7 - 18\" >7 - 18 <\/td><td data-cell-id=\"C2\" data-x=\"2\" data-y=\"2\" data-db-index=\"2\" class=\"bg-0bde00 bold color-000000\" data-cell-type=\"text\" data-original-value=\"7 - 21\" data-order=\"7 - 21\" >7 - 21 <\/td><td data-cell-id=\"D2\" data-x=\"3\" data-y=\"2\" data-db-index=\"2\" class=\"bold color-000000\" data-cell-type=\"text\" data-original-value=\"7 - 18\" data-order=\"7 - 18\" >7 - 18 <\/td><\/tr><tr style=\"height:px\" ><td data-cell-id=\"A3\" data-x=\"0\" data-y=\"3\" data-db-index=\"3\" class=\"bold color-000000\" data-cell-type=\"text\" data-original-value=\"Reception\" data-order=\"Reception\" >Reception <\/td><td data-cell-id=\"B3\" data-x=\"1\" data-y=\"3\" data-db-index=\"3\" class=\"bold color-000000\" data-cell-type=\"text\" data-original-value=\"7 - 18\" data-order=\"7 - 18\" >7 - 18 <\/td><td data-cell-id=\"C3\" data-x=\"2\" data-y=\"3\" data-db-index=\"3\" class=\"bg-0bde00 bold color-000000\" data-cell-type=\"text\" data-original-value=\"7 - 21\" data-order=\"7 - 21\" >7 - 21 <\/td><td data-cell-id=\"D3\" data-x=\"3\" data-y=\"3\" data-db-index=\"3\" class=\"bold color-000000\" data-cell-type=\"text\" data-original-value=\"7 - 18\" data-order=\"7 - 18\" >7 - 18 <\/td><\/tr><\/tbody><\/table><!-- \/#supsystic-table-7.supsystic-table --><\/div><!-- \/.supsystic-tables-wrap --><!-- Tables Generator by Supsystic --><!-- Version:1.11.0 --><!-- http:\/\/supsystic.com\/ --><a title=\"WP DataTables\" style=\"display:none;\" href=\"https:\/\/supsystic.com\/plugins\/wordpress-data-table-plugin\/?utm_medium=love_link\" target=\"_blank\">WP DataTables<\/a><\/span><\/p>\n<p><span style=\"color: #000000;\">Kommer I med natf\u00e6rgen er der lidt P-plads i venstre side af vejen ved tr\u00e6erne inden man k\u00f8re ind p\u00e5 Campingen.<br \/>\n<\/span><\/p>\n<p><span style=\"color: #000000;\">Obs. der m\u00e5 ikke k\u00f8res p\u00e5 campingen mellem kl. 22.30 og 07.00<\/span><\/p>\n","protected":false},"excerpt":{"rendered":"<p>Gudhjem Camping Bornholm har \u00e5ben fra: 1. marts til 31. oktober Vi kan kontaktes hele \u00e5ret p\u00e5 mail eller telefon Gudhjem Camping Bornholm Adresse: Melsted Langgade 45. 3760 Gudhjem. Telefon: [&hellip;]<\/p>\n","protected":false},"author":1,"featured_media":0,"parent":0,"menu_order":0,"comment_status":"closed","ping_status":"closed","template":"","meta":{"jetpack_post_was_ever_published":false,"footnotes":""},"yst_prominent_words":[],"jetpack_sharing_enabled":true,"jetpack_shortlink":"https:\/\/wp.me\/P88OCV-21","jetpack-related-posts":[],"jetpack_likes_enabled":true,"_links":{"self":[{"href":"https:\/\/gudhjemcamping.dk\/index.php?rest_route=\/wp\/v2\/pages\/125"}],"collection":[{"href":"https:\/\/gudhjemcamping.dk\/index.php?rest_route=\/wp\/v2\/pages"}],"about":[{"href":"https:\/\/gudhjemcamping.dk\/index.php?rest_route=\/wp\/v2\/types\/page"}],"author":[{"embeddable":true,"href":"https:\/\/gudhjemcamping.dk\/index.php?rest_route=\/wp\/v2\/users\/1"}],"replies":[{"embeddable":true,"href":"https:\/\/gudhjemcamping.dk\/index.php?rest_route=%2Fwp%2Fv2%2Fcomments&post=125"}],"version-history":[{"count":40,"href":"https:\/\/gudhjemcamping.dk\/index.php?rest_route=\/wp\/v2\/pages\/125\/revisions"}],"predecessor-version":[{"id":2825,"href":"https:\/\/gudhjemcamping.dk\/index.php?rest_route=\/wp\/v2\/pages\/125\/revisions\/2825"}],"wp:attachment":[{"href":"https:\/\/gudhjemcamping.dk\/index.php?rest_route=%2Fwp%2Fv2%2Fmedia&parent=125"}],"wp:term":[{"taxonomy":"yst_prominent_words","embeddable":true,"href":"https:\/\/gudhjemcamping.dk\/index.php?rest_route=%2Fwp%2Fv2%2Fyst_prominent_words&post=125"}],"curies":[{"name":"wp","href":"https:\/\/api.w.org\/{rel}","templated":true}]}}