{"id":681,"date":"2016-10-06T09:04:16","date_gmt":"2016-10-06T09:04:16","guid":{"rendered":"https:\/\/gudhjemcamping.dk\/?page_id=681"},"modified":"2024-04-05T07:00:21","modified_gmt":"2024-04-05T07:00:21","slug":"camping-udstyr-koebes-hos-gudhjem-camping-hvis-du-er-paa-bornholm","status":"publish","type":"page","link":"https:\/\/gudhjemcamping.dk\/?page_id=681","title":{"rendered":"\u00d8ens Campingshop"},"content":{"rendered":"\n<p class=\"has-text-align-center\"><span style=\"color: #000000;\">\u00d8ens Campingshoppen.<\/span><\/p>\n\n\n\n<p><span style=\"color: #000000;\">Vi har diverse ting <\/span><\/p>\n\n\n\n<ul>\n<li><span style=\"color: #000000;\">pl\u00f8kke<\/span><\/li>\n\n\n\n<li><span style=\"color: #000000;\"> Stormsikringer <\/span><\/li>\n\n\n\n<li><span style=\"color: #000000;\">Rep s\u00e6t til telte<\/span><\/li>\n\n\n\n<li><span style=\"color: #000000;\">Vandhaner <\/span><\/li>\n\n\n\n<li><span style=\"color: #000000;\">Vandpumper<\/span><\/li>\n\n\n\n<li><span style=\"color: #000000;\">Kloset v\u00e6sker <\/span><\/li>\n\n\n\n<li><span style=\"color: #000000;\">Toiletpapir<\/span><\/li>\n\n\n\n<li>Kiler<\/li>\n\n\n\n<li>Regulatorer<\/li>\n\n\n\n<li>Lamper til forteltet<\/li>\n\n\n\n<li>Impr\u00e6gnering<\/li>\n\n\n\n<li>Astro foil<\/li>\n\n\n\n<li>Div plastglas<\/li>\n\n\n\n<li>Div plastservice<\/li>\n\n\n\n<li>Campingstole<\/li>\n\n\n\n<li>Campingborde<\/li>\n\n\n\n<li>Vanddunke<\/li>\n\n\n\n<li>25 meter godkendt kabel 3G2,5 med CEE stik<\/li>\n\n\n\n<li>Konvertringsled\/adapter&nbsp; CEE<\/li>\n\n\n\n<li>Zibro ovne<\/li>\n\n\n\n<li>Zibro v\u00e6ske<\/li>\n<\/ul>\n\n\n\n<p>Vi s\u00e6lger ogs\u00e5 gas.<\/p>\n\n\n\n<p><span style=\"color: #000000;\">Vi er forhandler af Telta telte.<\/span><\/p>\n\n\n\n<p><span style=\"color: #000000;\">Hvis der er noget vi ikke har hjemme har vi mulighed for at skaffe det indenfor nogle dage.<\/span><\/p>\n\n\n<div class=\"flagallery amron_skin\" id=\"FlaGallery_sc1_25\" style='width:100%;'><script type=\"application\/json\" class=\"FlaGallery_sc1_25\">{\"settings\":{\"collectionThumbColumns\":\"3\",\"collectionThumbRecomendedWidth\":\"260\",\"collectionPreloaderColor\":\"#333333\",\"linkTargetWindow\":\"_blank\",\"thumbSpacing\":\"10\",\"tagsFilter\":\"1\",\"tagCloudSort\":\"1\",\"tagCloudAll\":\"All\",\"tagCloudAllTagPresented\":\"1\",\"tagCloudStartIndex\":\"0\",\"tagCloudTextColor\":\"#000000\",\"tagCloudBgColor\":\"#eeeeee\",\"collectionThumbHoverColor\":\"rgba(0, 0, 0, .7)\",\"collectionThumbContentBGColor\":\"rgba(245,245,245,1)\",\"collectionThumbTitleShow\":\"1\",\"collectionThumbTitleColor\":\"rgba(0,0,0,1)\",\"collectionThumbFontSize\":\"18\",\"collectionThumbDescriptionShow\":\"1\",\"collectionThumbDescriptionColor\":\"rgba(0,0,0,1)\",\"collectionThumbDescriptionFontSize\":\"15\",\"collectionReadMoreButtonLabel\":\"Read More\",\"collectionReadMoreButtonLabelColor\":\"rgba(255, 255, 255, 1)\",\"collectionReadMoreButtonBGColor\":\"rgba(0, 0, 0, 1)\",\"collectionReadMoreButtonLabelColorHover\":\"rgba(0, 0, 0, 1)\",\"collectionReadMoreButtonBGColorHover\":\"rgba(235,235,235,1)\",\"modaBgColor\":\"rgba(0,0,0,0.9)\",\"modalInfoBoxBgColor\":\"rgba(255,255,255,1)\",\"modalInfoBoxTitleTextColor\":\"rgba(0,0,0,1)\",\"modalInfoBoxTextColor\":\"rgba(70,70,70,1)\",\"infoBarExifEnable\":\"1\",\"infoBarCountersEnable\":\"1\",\"infoBarDateInfoEnable\":\"1\",\"lightBoxEnable\":\"1\",\"copyR_Protection\":\"1\",\"copyR_Alert\":\"Hello, this photo is mine!\",\"sliderScrollNavi\":\"0\",\"sliderNextPrevAnimation\":\"animation\",\"sliderPreloaderColor\":\"#ffffff\",\"sliderBgColor\":\"rgba(0,0,0,0.8)\",\"sliderHeaderFooterBgColor\":\"#000000\",\"sliderNavigationColor\":\"rgba(0,0,0,1)\",\"sliderNavigationIconColor\":\"rgba(255,255,255,1)\",\"sliderNavigationColorOver\":\"rgba(255,255,255,1)\",\"sliderNavigationIconColorOver\":\"rgba(0,0,0,1)\",\"sliderItemTitleEnable\":\"1\",\"sliderItemTitleFontSize\":\"24\",\"sliderItemTitleTextColor\":\"#ffffff\",\"sliderThumbBarEnable\":\"1\",\"sliderThumbBarHoverColor\":\"#ffffff\",\"sliderThumbSubMenuBackgroundColor\":\"rgba(0,0,0,1)\",\"sliderThumbSubMenuBackgroundColorOver\":\"rgba(255,255,255,1)\",\"sliderThumbSubMenuIconColor\":\"rgba(255,255,255,1)\",\"sliderThumbSubMenuIconHoverColor\":\"rgba(0,0,0,1)\",\"sliderPlayButton\":\"1\",\"slideshowDelay\":\"8\",\"slideshowProgressBarColor\":\"rgba(255,255,255,1)\",\"slideshowProgressBarBGColor\":\"rgba(255,255,255,0.6)\",\"sliderInfoEnable\":\"1\",\"sliderZoomButton\":\"1\",\"sliderItemDownload\":\"1\",\"sliderSocialShareEnabled\":\"1\",\"sliderLikesEnabled\":\"1\",\"sliderFullScreen\":\"1\",\"customCSS\":\"\",\"key\":\"a805616f3b04c83c6cfe4b21520daf07\",\"name\":\"GRANDPackPlus\",\"galleryID\":\"sc1_25\",\"post_url\":\"https:\\\/\\\/gudhjemcamping.dk?rest_route=%2Fwp%2Fv2%2Fpages%2F681\",\"module_url\":\"https:\\\/\\\/gudhjemcamping.dk\\\/wp-content\\\/plugins\\\/flagallery-skins\\\/amron\\\/\"}, \"data\":[{\"gallery\":{\"gid\":\"25\",\"name\":\"campingshoppen\",\"path\":\"https:\\\/\\\/gudhjemcamping.dk\\\/wp-content\\\/flagallery\\\/campingshoppen\",\"title\":\"\\u00d8ens Campingshoppen Gudhjem\",\"galdesc\":\"\"},\"data\":[{\"pid\":\"426\",\"filename\":\"oeens-campingshop-gudhjem-1.jpg\",\"description\":\"\",\"alttext\":\"\\u00d8ens campingshoppen Gudhjem camping\",\"link\":\"\",\"imagedate\":\"2024-04-05 07:04:33\",\"hitcounter\":\"138\",\"total_value\":\"0\",\"total_votes\":\"0\",\"meta_data\":{\"aperture\":false,\"credit\":false,\"camera\":false,\"caption\":false,\"created_timestamp\":false,\"copyright\":false,\"focal_length\":false,\"iso\":false,\"shutter_speed\":false,\"flash\":false,\"title\":false,\"keywords\":false,\"width\":1188,\"height\":891,\"saved\":true,\"thumbnail\":{\"width\":400,\"height\":300},\"webview\":{\"0\":1188,\"1\":891,\"2\":2,\"3\":\"width=\\\"1188\\\" height=\\\"891\\\"\",\"bits\":8,\"channels\":3,\"mime\":\"image\\\/jpeg\"}}},{\"pid\":\"427\",\"filename\":\"oeens-campingshop-gudhjem-2.jpg\",\"description\":\"\",\"alttext\":\"\\u00d8ens campingshoppen Gudhjem camping\",\"link\":\"\",\"imagedate\":\"2024-04-05 07:04:34\",\"hitcounter\":\"133\",\"total_value\":\"0\",\"total_votes\":\"0\",\"meta_data\":{\"aperture\":false,\"credit\":false,\"camera\":false,\"caption\":false,\"created_timestamp\":false,\"copyright\":false,\"focal_length\":false,\"iso\":false,\"shutter_speed\":false,\"flash\":false,\"title\":false,\"keywords\":false,\"width\":668,\"height\":891,\"saved\":true,\"thumbnail\":{\"width\":299,\"height\":400},\"webview\":{\"0\":668,\"1\":891,\"2\":2,\"3\":\"width=\\\"668\\\" height=\\\"891\\\"\",\"bits\":8,\"channels\":3,\"mime\":\"image\\\/jpeg\"}}},{\"pid\":\"428\",\"filename\":\"oeens-campingshop-gudhjem-3.jpg\",\"description\":\"\",\"alttext\":\"\\u00d8ens campingshoppen Gudhjem camping\",\"link\":\"\",\"imagedate\":\"2024-04-05 07:04:34\",\"hitcounter\":\"130\",\"total_value\":\"0\",\"total_votes\":\"0\",\"meta_data\":{\"aperture\":false,\"credit\":false,\"camera\":false,\"caption\":false,\"created_timestamp\":false,\"copyright\":false,\"focal_length\":false,\"iso\":false,\"shutter_speed\":false,\"flash\":false,\"title\":false,\"keywords\":false,\"width\":668,\"height\":891,\"saved\":true,\"thumbnail\":{\"width\":299,\"height\":400},\"webview\":{\"0\":668,\"1\":891,\"2\":2,\"3\":\"width=\\\"668\\\" height=\\\"891\\\"\",\"bits\":8,\"channels\":3,\"mime\":\"image\\\/jpeg\"}}},{\"pid\":\"429\",\"filename\":\"oeens-campingshop-gudhjem-4.jpg\",\"description\":\"\",\"alttext\":\"\\u00d8ens campingshoppen Gudhjem camping\",\"link\":\"\",\"imagedate\":\"2024-04-05 07:04:35\",\"hitcounter\":\"134\",\"total_value\":\"0\",\"total_votes\":\"0\",\"meta_data\":{\"aperture\":false,\"credit\":false,\"camera\":false,\"caption\":false,\"created_timestamp\":false,\"copyright\":false,\"focal_length\":false,\"iso\":false,\"shutter_speed\":false,\"flash\":false,\"title\":false,\"keywords\":false,\"width\":668,\"height\":891,\"saved\":true,\"thumbnail\":{\"width\":299,\"height\":400},\"webview\":{\"0\":668,\"1\":891,\"2\":2,\"3\":\"width=\\\"668\\\" height=\\\"891\\\"\",\"bits\":8,\"channels\":3,\"mime\":\"image\\\/jpeg\"}}},{\"pid\":\"430\",\"filename\":\"oeens-campingshop-gudhjem-5.jpg\",\"description\":\"\",\"alttext\":\"\\u00d8ens campingshoppen Gudhjem camping\",\"link\":\"\",\"imagedate\":\"2024-04-05 07:04:36\",\"hitcounter\":\"135\",\"total_value\":\"0\",\"total_votes\":\"0\",\"meta_data\":{\"aperture\":false,\"credit\":false,\"camera\":false,\"caption\":false,\"created_timestamp\":false,\"copyright\":false,\"focal_length\":false,\"iso\":false,\"shutter_speed\":false,\"flash\":false,\"title\":false,\"keywords\":false,\"width\":1188,\"height\":891,\"saved\":true,\"thumbnail\":{\"width\":400,\"height\":300},\"webview\":{\"0\":1188,\"1\":891,\"2\":2,\"3\":\"width=\\\"1188\\\" height=\\\"891\\\"\",\"bits\":8,\"channels\":3,\"mime\":\"image\\\/jpeg\"}}}]}]}<\/script><\/div><noscript id=\"noscript_FlaGallery_sc1_25\"><img class=\"skip-lazy no-lazyload noLazy\" data-lazy-src=\"\" src =\"https:\/\/gudhjemcamping.dk\/wp-content\/flagallery\/campingshoppen\/oeens-campingshop-gudhjem-1.jpg\" alt=\"\u00d8ens campingshoppen Gudhjem camping\" \/><img class=\"skip-lazy no-lazyload noLazy\" data-lazy-src=\"\" src =\"https:\/\/gudhjemcamping.dk\/wp-content\/flagallery\/campingshoppen\/oeens-campingshop-gudhjem-2.jpg\" alt=\"\u00d8ens campingshoppen Gudhjem camping\" \/><img class=\"skip-lazy no-lazyload noLazy\" data-lazy-src=\"\" src =\"https:\/\/gudhjemcamping.dk\/wp-content\/flagallery\/campingshoppen\/oeens-campingshop-gudhjem-3.jpg\" alt=\"\u00d8ens campingshoppen Gudhjem camping\" \/><img class=\"skip-lazy no-lazyload noLazy\" data-lazy-src=\"\" src =\"https:\/\/gudhjemcamping.dk\/wp-content\/flagallery\/campingshoppen\/oeens-campingshop-gudhjem-4.jpg\" alt=\"\u00d8ens campingshoppen Gudhjem camping\" \/><img class=\"skip-lazy no-lazyload noLazy\" data-lazy-src=\"\" src =\"https:\/\/gudhjemcamping.dk\/wp-content\/flagallery\/campingshoppen\/oeens-campingshop-gudhjem-5.jpg\" alt=\"\u00d8ens campingshoppen Gudhjem camping\" \/><\/noscript>\n\n\n\n<p class=\"has-text-align-left\">&nbsp;<\/p>\n","protected":false},"excerpt":{"rendered":"<p>\u00d8ens Campingshoppen. Vi har diverse ting Vi s\u00e6lger ogs\u00e5 gas. Vi er forhandler af Telta telte. Hvis der er noget vi ikke har hjemme har vi mulighed for at skaffe [&hellip;]<\/p>\n","protected":false},"author":1,"featured_media":0,"parent":0,"menu_order":0,"comment_status":"closed","ping_status":"closed","template":"","meta":{"jetpack_post_was_ever_published":false,"footnotes":""},"yst_prominent_words":[],"jetpack_sharing_enabled":true,"jetpack_shortlink":"https:\/\/wp.me\/P88OCV-aZ","jetpack-related-posts":[],"jetpack_likes_enabled":true,"_links":{"self":[{"href":"https:\/\/gudhjemcamping.dk\/index.php?rest_route=\/wp\/v2\/pages\/681"}],"collection":[{"href":"https:\/\/gudhjemcamping.dk\/index.php?rest_route=\/wp\/v2\/pages"}],"about":[{"href":"https:\/\/gudhjemcamping.dk\/index.php?rest_route=\/wp\/v2\/types\/page"}],"author":[{"embeddable":true,"href":"https:\/\/gudhjemcamping.dk\/index.php?rest_route=\/wp\/v2\/users\/1"}],"replies":[{"embeddable":true,"href":"https:\/\/gudhjemcamping.dk\/index.php?rest_route=%2Fwp%2Fv2%2Fcomments&post=681"}],"version-history":[{"count":19,"href":"https:\/\/gudhjemcamping.dk\/index.php?rest_route=\/wp\/v2\/pages\/681\/revisions"}],"predecessor-version":[{"id":2804,"href":"https:\/\/gudhjemcamping.dk\/index.php?rest_route=\/wp\/v2\/pages\/681\/revisions\/2804"}],"wp:attachment":[{"href":"https:\/\/gudhjemcamping.dk\/index.php?rest_route=%2Fwp%2Fv2%2Fmedia&parent=681"}],"wp:term":[{"taxonomy":"yst_prominent_words","embeddable":true,"href":"https:\/\/gudhjemcamping.dk\/index.php?rest_route=%2Fwp%2Fv2%2Fyst_prominent_words&post=681"}],"curies":[{"name":"wp","href":"https:\/\/api.w.org\/{rel}","templated":true}]}}